{"id":6688,"date":"2024-03-06T22:23:50","date_gmt":"2024-03-06T21:23:50","guid":{"rendered":"https:\/\/www.ofpublicinterest.eu\/?page_id=6688"},"modified":"2024-03-06T22:23:51","modified_gmt":"2024-03-06T21:23:51","slug":"costruire-la-pace","status":"publish","type":"page","link":"https:\/\/www.ofpublicinterest.eu\/index.php\/costruire-la-pace\/","title":{"rendered":"Costruire la pace"},"content":{"rendered":"\n<p>Costruire la pace \u00e8 una rubrica pensata per dare attraverso le parole un contributo costruttivo nella direzione della pace, una dimensione che pu\u00f2 essere raggiunta attraverso consapevolezze, scelte e relazioni di comunit\u00e0.<\/p>\n\n\n\n<p>Una rubrica pensata per mettere eventi, come crisi umanitarie o conflitti,  che avvengono al di fuori nostro quotidiano, in relazione con il nostro ruolo e la nostra parte di responsabilit\u00e0.<\/p>\n\n\n\n<p>Quello che spesso capita innanzi alle scene d\u2019orrore che, purtroppo giorno dopo giorno, popolano gli schermi mediatici, \u00e8 di provare un senso di impotenza, talvolta cos\u00ec pietrificante, da non riuscire pi\u00f9 ad informarsi in merito alla questione.<\/p>\n\n\n\n<p>Che si tratti di un conflitto, di una guerra, di un naufragio o di altri accadimenti, la drammaticit\u00e0 e tragicit\u00e0 che li caratterizzano risultano spiazzanti e paralizzanti. <\/p>\n\n\n\n<p>Questo spazio nasce per fornire degli strumenti di pensiero e di analisi che aiutino a guardare in una direzione costruttiva e a non voltarci dall\u2019altra parte.<\/p>\n","protected":false},"excerpt":{"rendered":"<p>Costruire la pace \u00e8 una rubrica pensata per dare attraverso le parole un contributo costruttivo nella direzione della pace, una dimensione che pu\u00f2 essere raggiunta attraverso consapevolezze, scelte e relazioni di comunit\u00e0. Una rubrica pensata per mettere eventi, come crisi umanitarie o conflitti, che avvengono al di fuori nostro quotidiano, in relazione con il nostro<\/p>\n","protected":false},"author":1,"featured_media":0,"parent":0,"menu_order":0,"comment_status":"closed","ping_status":"closed","template":"","meta":{"om_disable_all_campaigns":false,"_mi_skip_tracking":false,"_monsterinsights_sitenote_active":false,"_monsterinsights_sitenote_note":"","_monsterinsights_sitenote_category":0,"ngg_post_thumbnail":0,"footnotes":""},"class_list":["post-6688","page","type-page","status-publish"],"aioseo_notices":[],"_links":{"self":[{"href":"https:\/\/www.ofpublicinterest.eu\/index.php\/wp-json\/wp\/v2\/pages\/6688","targetHints":{"allow":["GET"]}}],"collection":[{"href":"https:\/\/www.ofpublicinterest.eu\/index.php\/wp-json\/wp\/v2\/pages"}],"about":[{"href":"https:\/\/www.ofpublicinterest.eu\/index.php\/wp-json\/wp\/v2\/types\/page"}],"author":[{"embeddable":true,"href":"https:\/\/www.ofpublicinterest.eu\/index.php\/wp-json\/wp\/v2\/users\/1"}],"replies":[{"embeddable":true,"href":"https:\/\/www.ofpublicinterest.eu\/index.php\/wp-json\/wp\/v2\/comments?post=6688"}],"version-history":[{"count":1,"href":"https:\/\/www.ofpublicinterest.eu\/index.php\/wp-json\/wp\/v2\/pages\/6688\/revisions"}],"predecessor-version":[{"id":6689,"href":"https:\/\/www.ofpublicinterest.eu\/index.php\/wp-json\/wp\/v2\/pages\/6688\/revisions\/6689"}],"wp:attachment":[{"href":"https:\/\/www.ofpublicinterest.eu\/index.php\/wp-json\/wp\/v2\/media?parent=6688"}],"curies":[{"name":"wp","href":"https:\/\/api.w.org\/{rel}","templated":true}]}}