{"id":6735,"date":"2024-03-06T22:59:37","date_gmt":"2024-03-06T21:59:37","guid":{"rendered":"https:\/\/www.ofpublicinterest.eu\/?page_id=6735"},"modified":"2024-12-05T11:22:05","modified_gmt":"2024-12-05T10:22:05","slug":"autori","status":"publish","type":"page","link":"https:\/\/www.ofpublicinterest.eu\/index.php\/autori\/","title":{"rendered":"Autori"},"content":{"rendered":"\n<div class=\"wp-block-group\"><div class=\"wp-block-group__inner-container is-layout-constrained wp-block-group-is-layout-constrained\"><div class=\"wp-block-image is-style-rounded\">\n<figure class=\"alignleft size-large is-resized\"><img loading=\"lazy\" decoding=\"async\" width=\"1024\" height=\"1024\" src=\"https:\/\/www.ofpublicinterest.eu\/wp-content\/uploads\/2021\/08\/197154eb-90ee-479d-83fd-129642235013-1-1024x1024.jpg\" alt=\"\" class=\"wp-image-3802\" style=\"object-fit:cover;width:210px;height:210px\" srcset=\"https:\/\/www.ofpublicinterest.eu\/wp-content\/uploads\/2021\/08\/197154eb-90ee-479d-83fd-129642235013-1-1024x1024.jpg 1024w, https:\/\/www.ofpublicinterest.eu\/wp-content\/uploads\/2021\/08\/197154eb-90ee-479d-83fd-129642235013-1-300x300.jpg 300w, https:\/\/www.ofpublicinterest.eu\/wp-content\/uploads\/2021\/08\/197154eb-90ee-479d-83fd-129642235013-1-150x150.jpg 150w, https:\/\/www.ofpublicinterest.eu\/wp-content\/uploads\/2021\/08\/197154eb-90ee-479d-83fd-129642235013-1-768x768.jpg 768w, https:\/\/www.ofpublicinterest.eu\/wp-content\/uploads\/2021\/08\/197154eb-90ee-479d-83fd-129642235013-1.jpg 1080w\" sizes=\"auto, (max-width: 1024px) 100vw, 1024px\" \/><\/figure>\n<\/div>\n\n\n<p><strong>Lea Cicelyn <\/strong><\/p>\n\n\n\n<p class=\"has-text-align-right\">Giornalista pubblicista, laureata in Economia, ha conseguito un Corso di Alta Formazione in Finanza Etica ed \u00e8 specializzata in Analisi delle Politiche Pubbliche.\u00a0<\/p>\n\n\n\n<p><em>\u201cIl mondo dei numeri mi \u00e8 sempre stato stretto, \u00e8 nata l\u2019esigenza di raccontare con le parole la misura di un uomo.<\/em>&#8220;<\/p>\n<\/div><\/div>\n\n\n\n<div class=\"wp-block-group\"><div class=\"wp-block-group__inner-container is-layout-constrained wp-block-group-is-layout-constrained\"><div class=\"wp-block-image is-style-rounded\">\n<figure class=\"alignleft size-large is-resized\"><img loading=\"lazy\" decoding=\"async\" width=\"682\" height=\"1024\" src=\"https:\/\/www.ofpublicinterest.eu\/wp-content\/uploads\/2023\/10\/IMG-20230609-WA0027-682x1024.jpg\" alt=\"\" class=\"wp-image-5927\" style=\"object-fit:cover;width:210px;height:210px\" srcset=\"https:\/\/www.ofpublicinterest.eu\/wp-content\/uploads\/2023\/10\/IMG-20230609-WA0027-682x1024.jpg 682w, https:\/\/www.ofpublicinterest.eu\/wp-content\/uploads\/2023\/10\/IMG-20230609-WA0027-200x300.jpg 200w, https:\/\/www.ofpublicinterest.eu\/wp-content\/uploads\/2023\/10\/IMG-20230609-WA0027-1023x1536.jpg 1023w, https:\/\/www.ofpublicinterest.eu\/wp-content\/uploads\/2023\/10\/IMG-20230609-WA0027.jpg 1066w\" sizes=\"auto, (max-width: 682px) 100vw, 682px\" \/><\/figure>\n<\/div>\n\n\n<p><strong>Alessia Thomas<\/strong> &#8211; <strong>Scrittrice <\/strong><\/p>\n\n\n\n<p class=\"has-text-align-right\">Laureata in Lettere Moderne presso l&#8217;Universit\u00e0 degli Studi di Napoli Federico II, conclude gli studi con una tesi incentrata sui reportage fotografici di guerra e i documentari. Inizia all&#8217;et\u00e0 dei sei anni a studiare inglese fino a diventare madrelingua.<\/p>\n\n\n\n<p>&#8220;<em>Voglio dare voce alle scelte di chi concretamente porta un cambiamento nel mondo. \u00c8 come procedere, per un breve tratto, fianco a fianco, a chi sta andando in una direzione in cui credo.<\/em>&#8220;<\/p>\n<\/div><\/div>\n\n\n\n<div class=\"wp-block-group\"><div class=\"wp-block-group__inner-container is-layout-constrained wp-block-group-is-layout-constrained\"><div class=\"wp-block-image is-style-rounded\">\n<figure class=\"alignleft size-large is-resized\"><img loading=\"lazy\" decoding=\"async\" width=\"576\" height=\"1024\" src=\"https:\/\/www.ofpublicinterest.eu\/wp-content\/uploads\/2024\/03\/PHOTO-2024-03-06-23-45-39-2-576x1024.jpg\" alt=\"\" class=\"wp-image-6765\" style=\"object-fit:cover;width:210px;height:210px\" srcset=\"https:\/\/www.ofpublicinterest.eu\/wp-content\/uploads\/2024\/03\/PHOTO-2024-03-06-23-45-39-2-576x1024.jpg 576w, https:\/\/www.ofpublicinterest.eu\/wp-content\/uploads\/2024\/03\/PHOTO-2024-03-06-23-45-39-2-169x300.jpg 169w, https:\/\/www.ofpublicinterest.eu\/wp-content\/uploads\/2024\/03\/PHOTO-2024-03-06-23-45-39-2-864x1536.jpg 864w, https:\/\/www.ofpublicinterest.eu\/wp-content\/uploads\/2024\/03\/PHOTO-2024-03-06-23-45-39-2.jpg 900w\" sizes=\"auto, (max-width: 576px) 100vw, 576px\" \/><\/figure>\n<\/div>\n\n\n<p><strong>Alessandro Di Gennaro &#8211; Giurista<\/strong><\/p>\n\n\n\n<p class=\"has-text-align-left\">Laureato in Giurisprudenza presso l\u2019Universit\u00e0 degli Studi di Napoli &#8220;Federico II&#8221;.  Ha concluso il Tirocinio Formativo presso il Tribunale di Napoli ed \u00e8 abilitato alla Professione Forense.Lavora come Funzionario Giudiziario presso il Tribunale di Napoli.Continua a seguire corsi di Alta Formazione in discipline giuridiche.<\/p>\n\n\n\n<p class=\"has-text-align-right\"><em>&#8220;Scrivo per mettermi al servizio della collettivit\u00e0 e per rendere accessibile un sistema di decisioni che incidono profondamente sulla vita degli individui<\/em>&#8220;<\/p>\n\n\n<div class=\"wp-block-image is-style-rounded\">\n<figure class=\"alignleft size-large is-resized\"><img loading=\"lazy\" decoding=\"async\" width=\"576\" height=\"1024\" src=\"https:\/\/www.ofpublicinterest.eu\/wp-content\/uploads\/2024\/03\/PHOTO-2024-03-07-00-19-47-576x1024.jpg\" alt=\"\" class=\"wp-image-6782\" style=\"object-fit:cover;width:210px;height:210px\" srcset=\"https:\/\/www.ofpublicinterest.eu\/wp-content\/uploads\/2024\/03\/PHOTO-2024-03-07-00-19-47-576x1024.jpg 576w, https:\/\/www.ofpublicinterest.eu\/wp-content\/uploads\/2024\/03\/PHOTO-2024-03-07-00-19-47-169x300.jpg 169w, https:\/\/www.ofpublicinterest.eu\/wp-content\/uploads\/2024\/03\/PHOTO-2024-03-07-00-19-47-864x1536.jpg 864w, https:\/\/www.ofpublicinterest.eu\/wp-content\/uploads\/2024\/03\/PHOTO-2024-03-07-00-19-47.jpg 900w\" sizes=\"auto, (max-width: 576px) 100vw, 576px\" \/><\/figure>\n<\/div>\n\n\n<p><strong>Clau Tatangelo &#8211; Educator\u0259 e attivista<\/strong><\/p>\n\n\n\n<p class=\"has-text-align-left\">Laureat\u0259 in Arabo e Studi Globali, attualmente studia un Master in Comunicazione per lo Sviluppo. Lavora nel campo della prevenzione della violenza di genere e della riduzione del danno a Vienna.<\/p>\n\n\n\n<p class=\"has-text-align-right\"><em>\u201dLa scrittura, cos\u00ec come l&#8217;educazione, non \u00e8 uno spazio neutro. \u00c8 il luogo dove si svolge la pi\u00f9 importante delle lotte, quella per il cambiamento sociale. Scrivo per condividere gli strumenti che ho per capire il mondo, cos\u00ec che tutt\u0259 possano essere parte del cambiamento.&#8221;<\/em><\/p>\n\n\n\n<h3 class=\"wp-block-heading\">Hanno collaborato con noi:<\/h3>\n<\/div><\/div>\n\n\n\n<div class=\"wp-block-group\"><div class=\"wp-block-group__inner-container is-layout-constrained wp-block-group-is-layout-constrained\"><div class=\"wp-block-image is-style-rounded\">\n<figure class=\"alignleft size-large is-resized\"><img loading=\"lazy\" decoding=\"async\" width=\"576\" height=\"1024\" src=\"https:\/\/www.ofpublicinterest.eu\/wp-content\/uploads\/2023\/09\/Progetto-senza-titolo-576x1024.jpg\" alt=\"\" class=\"wp-image-5860\" style=\"object-fit:cover;width:210px;height:210px\" srcset=\"https:\/\/www.ofpublicinterest.eu\/wp-content\/uploads\/2023\/09\/Progetto-senza-titolo-576x1024.jpg 576w, https:\/\/www.ofpublicinterest.eu\/wp-content\/uploads\/2023\/09\/Progetto-senza-titolo-169x300.jpg 169w, https:\/\/www.ofpublicinterest.eu\/wp-content\/uploads\/2023\/09\/Progetto-senza-titolo-864x1536.jpg 864w, https:\/\/www.ofpublicinterest.eu\/wp-content\/uploads\/2023\/09\/Progetto-senza-titolo.jpg 1080w\" sizes=\"auto, (max-width: 576px) 100vw, 576px\" \/><\/figure>\n<\/div>\n\n\n<p><strong>Antonio Genovese<\/strong> &#8211; <strong>Ricercatore<\/strong> <\/p>\n\n\n\n<p class=\"has-text-align-left\">Laureato in Economia presso l&#8217;Universit\u00e0 degli Studi di Napoli Federico II. Dopo aver conseguito il Master in Economics and Finance, ha intrapreso la strada della ricerca e ora sta concludendo il dottorato presso la Federico II.<\/p>\n\n\n\n<p class=\"has-text-align-right\">&#8220;<em>Ho scelto di dedicarmi alla ricerca per orientarmi in un mondo sempre pi\u00f9 complesso. Condividere la strada con gli altri, ci permette di non perderci al suo interno.<\/em>&#8220;<\/p>\n<\/div><\/div>\n\n\n\n<p><\/p>\n","protected":false},"excerpt":{"rendered":"<p>Lea Cicelyn Giornalista pubblicista, laureata in Economia, ha conseguito un Corso di Alta Formazione in Finanza Etica ed \u00e8 specializzata in Analisi delle Politiche Pubbliche.\u00a0 \u201cIl mondo dei numeri mi \u00e8 sempre stato stretto, \u00e8 nata l\u2019esigenza di raccontare con le parole la misura di un uomo.&#8220; Alessia Thomas &#8211; Scrittrice Laureata in Lettere Moderne<\/p>\n","protected":false},"author":1,"featured_media":0,"parent":0,"menu_order":0,"comment_status":"closed","ping_status":"closed","template":"","meta":{"om_disable_all_campaigns":false,"_mi_skip_tracking":false,"_monsterinsights_sitenote_active":false,"_monsterinsights_sitenote_note":"","_monsterinsights_sitenote_category":0,"ngg_post_thumbnail":0,"footnotes":""},"class_list":["post-6735","page","type-page","status-publish"],"aioseo_notices":[],"_links":{"self":[{"href":"https:\/\/www.ofpublicinterest.eu\/index.php\/wp-json\/wp\/v2\/pages\/6735","targetHints":{"allow":["GET"]}}],"collection":[{"href":"https:\/\/www.ofpublicinterest.eu\/index.php\/wp-json\/wp\/v2\/pages"}],"about":[{"href":"https:\/\/www.ofpublicinterest.eu\/index.php\/wp-json\/wp\/v2\/types\/page"}],"author":[{"embeddable":true,"href":"https:\/\/www.ofpublicinterest.eu\/index.php\/wp-json\/wp\/v2\/users\/1"}],"replies":[{"embeddable":true,"href":"https:\/\/www.ofpublicinterest.eu\/index.php\/wp-json\/wp\/v2\/comments?post=6735"}],"version-history":[{"count":10,"href":"https:\/\/www.ofpublicinterest.eu\/index.php\/wp-json\/wp\/v2\/pages\/6735\/revisions"}],"predecessor-version":[{"id":7468,"href":"https:\/\/www.ofpublicinterest.eu\/index.php\/wp-json\/wp\/v2\/pages\/6735\/revisions\/7468"}],"wp:attachment":[{"href":"https:\/\/www.ofpublicinterest.eu\/index.php\/wp-json\/wp\/v2\/media?parent=6735"}],"curies":[{"name":"wp","href":"https:\/\/api.w.org\/{rel}","templated":true}]}}

<div class="wp-block-group"><div class="wp-block-group__inner-container is-layout-constrained wp-block-group-is-layout-constrained"><div class="wp-block-image is-style-rounded">
<figure class="alignleft size-large is-resized"><img loading="lazy" decoding="async" width="1024" height="1024" src="https://www.ofpublicinterest.eu/wp-content/uploads/2021/08/197154eb-90ee-479d-83fd-129642235013-1-1024x1024.jpg" alt="" class="wp-image-3802" style="object-fit:cover;width:210px;height:210px" srcset="https://www.ofpublicinterest.eu/wp-content/uploads/2021/08/197154eb-90ee-479d-83fd-129642235013-1-1024x1024.jpg 1024w, https://www.ofpublicinterest.eu/wp-content/uploads/2021/08/197154eb-90ee-479d-83fd-129642235013-1-300x300.jpg 300w, https://www.ofpublicinterest.eu/wp-content/uploads/2021/08/197154eb-90ee-479d-83fd-129642235013-1-150x150.jpg 150w, https://www.ofpublicinterest.eu/wp-content/uploads/2021/08/197154eb-90ee-479d-83fd-129642235013-1-768x768.jpg 768w, https://www.ofpublicinterest.eu/wp-content/uploads/2021/08/197154eb-90ee-479d-83fd-129642235013-1.jpg 1080w" sizes="auto, (max-width: 1024px) 100vw, 1024px" /></figure>
</div>


<p><strong>Lea Cicelyn </strong></p>



<p class="has-text-align-right">Giornalista pubblicista, laureata in Economia, ha conseguito un Corso di Alta Formazione in Finanza Etica ed è specializzata in Analisi delle Politiche Pubbliche. </p>



<p><em>“Il mondo dei numeri mi è sempre stato stretto, è nata l’esigenza di raccontare con le parole la misura di un uomo.</em>&#8220;</p>
</div></div>



<div class="wp-block-group"><div class="wp-block-group__inner-container is-layout-constrained wp-block-group-is-layout-constrained"><div class="wp-block-image is-style-rounded">
<figure class="alignleft size-large is-resized"><img loading="lazy" decoding="async" width="682" height="1024" src="https://www.ofpublicinterest.eu/wp-content/uploads/2023/10/IMG-20230609-WA0027-682x1024.jpg" alt="" class="wp-image-5927" style="object-fit:cover;width:210px;height:210px" srcset="https://www.ofpublicinterest.eu/wp-content/uploads/2023/10/IMG-20230609-WA0027-682x1024.jpg 682w, https://www.ofpublicinterest.eu/wp-content/uploads/2023/10/IMG-20230609-WA0027-200x300.jpg 200w, https://www.ofpublicinterest.eu/wp-content/uploads/2023/10/IMG-20230609-WA0027-1023x1536.jpg 1023w, https://www.ofpublicinterest.eu/wp-content/uploads/2023/10/IMG-20230609-WA0027.jpg 1066w" sizes="auto, (max-width: 682px) 100vw, 682px" /></figure>
</div>


<p><strong>Alessia Thomas</strong> &#8211; <strong>Scrittrice </strong></p>



<p class="has-text-align-right">Laureata in Lettere Moderne presso l&#8217;Università degli Studi di Napoli Federico II, conclude gli studi con una tesi incentrata sui reportage fotografici di guerra e i documentari. Inizia all&#8217;età dei sei anni a studiare inglese fino a diventare madrelingua.</p>



<p>&#8220;<em>Voglio dare voce alle scelte di chi concretamente porta un cambiamento nel mondo. È come procedere, per un breve tratto, fianco a fianco, a chi sta andando in una direzione in cui credo.</em>&#8220;</p>
</div></div>



<div class="wp-block-group"><div class="wp-block-group__inner-container is-layout-constrained wp-block-group-is-layout-constrained"><div class="wp-block-image is-style-rounded">
<figure class="alignleft size-large is-resized"><img loading="lazy" decoding="async" width="576" height="1024" src="https://www.ofpublicinterest.eu/wp-content/uploads/2024/03/PHOTO-2024-03-06-23-45-39-2-576x1024.jpg" alt="" class="wp-image-6765" style="object-fit:cover;width:210px;height:210px" srcset="https://www.ofpublicinterest.eu/wp-content/uploads/2024/03/PHOTO-2024-03-06-23-45-39-2-576x1024.jpg 576w, https://www.ofpublicinterest.eu/wp-content/uploads/2024/03/PHOTO-2024-03-06-23-45-39-2-169x300.jpg 169w, https://www.ofpublicinterest.eu/wp-content/uploads/2024/03/PHOTO-2024-03-06-23-45-39-2-864x1536.jpg 864w, https://www.ofpublicinterest.eu/wp-content/uploads/2024/03/PHOTO-2024-03-06-23-45-39-2.jpg 900w" sizes="auto, (max-width: 576px) 100vw, 576px" /></figure>
</div>


<p><strong>Alessandro Di Gennaro &#8211; Giurista</strong></p>



<p class="has-text-align-left">Laureato in Giurisprudenza presso l’Università degli Studi di Napoli &#8220;Federico II&#8221;.  Ha concluso il Tirocinio Formativo presso il Tribunale di Napoli ed è abilitato alla Professione Forense.Lavora come Funzionario Giudiziario presso il Tribunale di Napoli.Continua a seguire corsi di Alta Formazione in discipline giuridiche.</p>



<p class="has-text-align-right"><em>&#8220;Scrivo per mettermi al servizio della collettività e per rendere accessibile un sistema di decisioni che incidono profondamente sulla vita degli individui</em>&#8220;</p>


<div class="wp-block-image is-style-rounded">
<figure class="alignleft size-large is-resized"><img loading="lazy" decoding="async" width="576" height="1024" src="https://www.ofpublicinterest.eu/wp-content/uploads/2024/03/PHOTO-2024-03-07-00-19-47-576x1024.jpg" alt="" class="wp-image-6782" style="object-fit:cover;width:210px;height:210px" srcset="https://www.ofpublicinterest.eu/wp-content/uploads/2024/03/PHOTO-2024-03-07-00-19-47-576x1024.jpg 576w, https://www.ofpublicinterest.eu/wp-content/uploads/2024/03/PHOTO-2024-03-07-00-19-47-169x300.jpg 169w, https://www.ofpublicinterest.eu/wp-content/uploads/2024/03/PHOTO-2024-03-07-00-19-47-864x1536.jpg 864w, https://www.ofpublicinterest.eu/wp-content/uploads/2024/03/PHOTO-2024-03-07-00-19-47.jpg 900w" sizes="auto, (max-width: 576px) 100vw, 576px" /></figure>
</div>


<p><strong>Clau Tatangelo &#8211; Educatorə e attivista</strong></p>



<p class="has-text-align-left">Laureatə in Arabo e Studi Globali, attualmente studia un Master in Comunicazione per lo Sviluppo. Lavora nel campo della prevenzione della violenza di genere e della riduzione del danno a Vienna.</p>



<p class="has-text-align-right"><em>”La scrittura, così come l&#8217;educazione, non è uno spazio neutro. È il luogo dove si svolge la più importante delle lotte, quella per il cambiamento sociale. Scrivo per condividere gli strumenti che ho per capire il mondo, così che tuttə possano essere parte del cambiamento.&#8221;</em></p>



<h3 class="wp-block-heading">Hanno collaborato con noi:</h3>
</div></div>



<div class="wp-block-group"><div class="wp-block-group__inner-container is-layout-constrained wp-block-group-is-layout-constrained"><div class="wp-block-image is-style-rounded">
<figure class="alignleft size-large is-resized"><img loading="lazy" decoding="async" width="576" height="1024" src="https://www.ofpublicinterest.eu/wp-content/uploads/2023/09/Progetto-senza-titolo-576x1024.jpg" alt="" class="wp-image-5860" style="object-fit:cover;width:210px;height:210px" srcset="https://www.ofpublicinterest.eu/wp-content/uploads/2023/09/Progetto-senza-titolo-576x1024.jpg 576w, https://www.ofpublicinterest.eu/wp-content/uploads/2023/09/Progetto-senza-titolo-169x300.jpg 169w, https://www.ofpublicinterest.eu/wp-content/uploads/2023/09/Progetto-senza-titolo-864x1536.jpg 864w, https://www.ofpublicinterest.eu/wp-content/uploads/2023/09/Progetto-senza-titolo.jpg 1080w" sizes="auto, (max-width: 576px) 100vw, 576px" /></figure>
</div>


<p><strong>Antonio Genovese</strong> &#8211; <strong>Ricercatore</strong> </p>



<p class="has-text-align-left">Laureato in Economia presso l&#8217;Università degli Studi di Napoli Federico II. Dopo aver conseguito il Master in Economics and Finance, ha intrapreso la strada della ricerca e ora sta concludendo il dottorato presso la Federico II.</p>



<p class="has-text-align-right">&#8220;<em>Ho scelto di dedicarmi alla ricerca per orientarmi in un mondo sempre più complesso. Condividere la strada con gli altri, ci permette di non perderci al suo interno.</em>&#8220;</p>
</div></div>



<p></p>

<p>Lea Cicelyn Giornalista pubblicista, laureata in Economia, ha conseguito un Corso di Alta Formazione in Finanza Etica ed è specializzata in Analisi delle Politiche Pubbliche.  “Il mondo dei numeri mi è sempre stato stretto, è nata l’esigenza di raccontare con le parole la misura di un uomo.&#8220; Alessia Thomas &#8211; Scrittrice Laureata in Lettere Moderne</p>
